rime number?
False
Is 59207329 prime?
True
Is 4258963 prime?
False
Is 97996933 composite?
False
Is 264587 composite?
True
Is 197657869 prime?
True
Is 12029903 a composite number?
True
Is 3722377 a prime number?
False
Is 2351017 prime?
False
Is 1633277 a prime number?
True
Is 6891503 a composite number?
False
Is 3516503 a composite number?
True
Is 136320823 a prime number?
False
Is 120225239 composite?
True
Is 5442893 a composite number?
False
Is 405125819 a composite number?
True
Is 273457 a prime number?
True
Is 16197121 a prime number?
False
Is 309618367 prime?
False
Is 3330571 composite?
True
Is 3946651 a prime number?
False
Is 50122001 a composite number?
True
Is 179075683 prime?
True
Is 2955917 a prime number?
True
Is 17599613 prime?
True
Is 36967349 a composite number?
False
Is 9352399 composite?
True
Is 4669183 composite?
True
Is 2189347 a composite number?
True
Is 2587327 prime?
False
Is 9216013 prime?
False
Is 431760743 a prime number?
True
Is 540139 composite?
False
Is 301003981 prime?
True
Is 2415997 a prime number?
True
Is 1495421 prime?
True
Is 6888601 prime?
False
Is 1764943337 prime?
True
Is 30270602 composite?
True
Is 923777 a prime number?
False
Is 39902371 a composite number?
False
Is 6291771 a composite number?
True
Is 1389961 composite?
False
Is 23892251 a prime number?
True
Is 520419 prime?
False
Is 88495739 composite?
True
Is 51648393 composite?
True
Is 417719 composite?
False
Is 476812231 a prime number?
False
Is 1741127 prime?
True
Is 940871 composite?
False
Is 5698603 composite?
False
Is 13806899 a composite number?
False
Is 70728821 a composite number?
False
Is 261209911 a prime number?
True
Is 78764635 prime?
False
Is 44130631 prime?
True
Is 254593 a composite number?
False
Is 301239673 a prime number?
False
Is 112949237 a prime number?
False
Is 37228171 a prime number?
True
Is 337155281 composite?
False
Is 122464357 a prime number?
False
Is 3828659 a prime number?
True
Is 84234877 composite?
False
Is 1764541 a prime number?
True
Is 123751 prime?
False
Is 13098269 composite?
False
Is 26858317 a composite number?
True
Is 205982171 a prime number?
False
Is 789319 a prime number?
False
Is 53112067 a prime number?
True
Is 66989519 a composite number?
True
Is 250619 prime?
True
Is 9459703 a prime number?
False
Is 9222463 a prime number?
False
Is 3603713 composite?
False
Is 3063107 prime?
False
Is 232537 a composite number?
True
Is 1603159 a composite number?
False
Is 36608647 prime?
False
Is 93403129 prime?
True
Is 23116301 a prime number?
False
Is 493790249 prime?
True
Is 85670619 a composite number?
True
Is 82883 prime?
True
Is 3978939 a composite number?
True
Is 9222871 a prime number?
False
Is 7922129 a composite number?
False
Is 54299489 a prime number?
False
Is 104306729 composite?
False
Is 6738233 composite?
False
Is 1686779 a composite number?
False
Is 1420717 prime?
True
Is 3667669 composite?
False
Is 14694367 composite?
False
Is 2367971 composite?
False
Is 1517983 composite?
False
Is 132817 prime?
True
Is 140446519 a composite number?
True
Is 94134431 composite?
True
Is 20519947 prime?
False
Is 11781353 a composite number?
False
Is 481706051 a composite number?
False
Is 95436001 composite?
False
Is 3996569 prime?
True
Is 37849817 a prime number?
True
Is 1584949 prime?
True
Is 192057427 a composite number?
False
Is 251455713 composite?
True
Is 10409801 prime?
True
Is 3309779 a prime number?
False
Is 60976277 composite?
True
Is 111598861 composite?
True
Is 1658927 prime?
True
Is 5623349 prime?
False
Is 1942567 a composite number?
True
Is 12646394 prime?
False
Is 11881913 prime?
True
Is 23295709 composite?
True
Is 16831831 a prime number?
True
Is 1534783 a composite number?
False
Is 2713577 a composite number?
False
Is 78314177 prime?
False
Is 17949343 a prime number?
True
Is 202133621 a composite number?
True
Is 56999837 prime?
True
Is 11694359 composite?
True
Is 885089 a prime number?
False
Is 1049891 a prime number?
True
Is 67132799 a composite number?
False
Is 2548619 prime?
False
Is 283473777 a prime number?
False
Is 34103843 composite?
False
Is 500009 a composite number?
False
Is 351167 prime?
False
Is 333483989 a composite number?
True
Is 90643537 prime?
True
Is 124531531 a composite number?
True
Is 29279291 a prime number?
True
Is 539734733 a composite number?
False
Is 49214897 a composite number?
False
Is 49351282 composite?
True
Is 139247783 composite?
False
Is 1894577 prime?
True
Is 41931479 prime?
False
Is 4199131 prime?
True
Is 4533217 prime?
False
Is 43994347 a composite number?
False
Is 70393 a prime number?
True
Is 194098011 prime?
False
Is 50702713 a prime number?
True
Is 6849559 prime?
True
Is 1495231 composite?
False
Is 6828287 a composite number?
True
Is 204655081 a composite number?
True
Is 19312633 composite?
True
Is 85177319 composite?
False
Is 2940719 a prime number?
False
Is 37512691 a prime number?
True
Is 1251223 a prime number?
False
Is 53592419 a composite number?
False
Is 152479 a composite number?
True
Is 207278729 composite?
True
Is 304361137 a prime number?
True
Is 112978309 prime?
True
Is 977087 a prime number?
True
Is 2583989 a composite number?
True
Is 149774747 prime?
True
Is 3710783 prime?
True
Is 640135373 a composite number?
True
Is 14841319 a composite number?
True
Is 20950387 prime?
False
Is 5224169 a prime number?
True
Is 25328998 prime?
False
Is 775991 prime?
False
Is 2015569 prime?
False
Is 20972377 composite?
True
Is 75839417 composite?
True
Is 318963686 a composite number?
True
Is 93506303 composite?
True
Is 13127977 a prime number?
True
Is 7121843 a prime number?
False
Is 29029411 a prime number?
True
Is 2390809 composite?
False
Is 19312105 a composite number?
True
Is 9654899 prime?
True
Is 244814779 prime?
False
Is 1479409 a composite number?
False
Is 54449467 prime?
True
Is 20687027 a composite number?
False
Is 26624337 composite?
True
Is 8817283 a prime number?
True
Is 459938095 a prime number?
False
Is 1850081 a prime number?
False
Is 3950623 composite?
True
Is 4780591 composite?
True
Is 350422 a prime number?
False
Is 85804087 a composite number?
False
Is 2082919 composite?
True
Is 25663 composite?
True
Is 112754953 prime?
True
Is 395674 a composite number?
True
Is 3199985 prime?
False
Is 1011431 a prime number?
True
Is 3759713 composite?
False
Is 23425111 a composite number?
True
Is 39344639 prime?
True
Is 22162993 composite?
False
Is 18248129 a composite number?
False
Is 2209591 a prime number?
False
Is 4638677 prime?
True
Is 48149 a prime number?
False
Is 38174351 composite?
False
Is 87637573 prime?
True
Is 196140829 composite?
True
Is 7149981 prime?
False
Is 615303773 composite?
True
Is 406079 a prime number?
False
Is 329761 composite?
False
Is 27730771 a prime number?
False
Is 208528315 a prime number?
False
Is 5414413 a prime number?
True
Is 317044927 prime?
False
Is 191556511 composite?
True
Is 19923851 composite?
False
Is 87129941 prime?
False
Is 136397899 composite?
True
Is 307323371 composite?
False
Is 3423961 a prime number?
False
Is 144965921 a composite number?
True
Is 9522242 prime?
False
Is 12817151 a prime number?
True
Is 85159 a composite number?
False
Is 36161003 composite?
False
Is 4275087 a composite number?
True
Is 1451941 a composite number?
True
Is 159007 a prime number?
False
Is 21665521 a prime number?
True
Is 540839927 a prime number?
True
Is 581516771 a prime number?
False
Is 22603111 a composite number?
False
Is 380452539 composite?
True
Is 1024809619 a composite number?
False
Is 1167587 prime?
True
Is 233517209 a prime number?
True
Is 18834287 composite?
True
Is 32541401 prime?
False
Is 5446823 composite?
False
Is 1778411 a composite number?
False
Is 29069819 composite?
False
Is 7139471 prime?
False
Is 1527367 a prime number?
False
Is 103509859 prime?
True
Is 1318327 composite?
True
Is 6539263 composite?
False
Is 1529321 composite?
True
Is 34753 composite?
True
Is 29259439 a composite number?
True
Is 6564799 a prime number?
False
Is 380399 a composite number?
True
Is 27674117 composite?
True
Is 25702171 a prime number?
False
Is 93287 a composite number?
False
Is 18060263 composite?
True
Is 10448783 composite?
False
Is 446064299 a composite number?
False
Is 24505133 a prime number?
False
Is 5114269 a prime number?
True
Is 29166425